
3, 29
Suppose x + s = 15094, -405*x - 75469 = -410*x - 4*s. List the prime factors of x.
3, 13, 43
Let q = -53325 - -102837. List the prime factors of q.
2, 3, 2063
Let z(l) = -2*l - 5. Let h be z(-5). Suppose h*d = -2*u + 425, 27 - 12 = 5*d. List the prime factors of u.
5, 41
List the prime factors of (2*5)/(256/74112).
3, 5, 193
Let f(b) = 168*b + 21. Let a be ((-33)/6 - -4)/((-1)/2). What are the prime factors of f(a)?
3, 5, 7
Let v = -409 - -415. What are the prime factors of (-4)/((-28)/10997) + v + -1?
2, 197
Let v(x) = -x**3 + 9*x**2 - 17*x + 36. Let a be v(7). Suppose a*f - 8965 = 5780. What are the prime factors of f?
983
Let m be ((-1 - 0) + -9)/(53/(-53)). Let p(j) = j**3 - 26*j + 15. List the prime factors of p(m).
5, 151
Let n(d) = -16*d**2 - 20*d - 171. Let q be n(-12). Let u = 3249 + q. List the prime factors of u.
2, 3, 13
Let m = 2128 + 1681. What are the prime factors of m?
13, 293
Suppose -53*z + 470587 - 22389 - 25046 = 0. List the prime factors of z.
2, 499
Suppose 3*c - 56621 = -2*l, -37*c + 40*c + 3*l - 56622 = 0. What are the prime factors of c?
3, 233
List the prime factors of 14*(-2)/4 - (-35620 + -27).
2, 3, 5, 11
Let l be ((-2)/4)/((-1)/(-48)). What are the prime factors of (721/14)/((-2)/l)?
2, 3, 103
Let n(i) = 3*i**2 - 10*i + 2. Let x be n(9). Suppose 0 = 5*q - 220 - x. Suppose 5*g - 115 - q = 0. List the prime factors of g.
2, 19
Let o be ((-3290)/(-3))/(3/9). Suppose o = 3*b + k + 3*k, -5*b + k = -5468. What are the prime factors of b?
2, 547
Suppose 10*z - 5*s + 19000 = 14*z, 2*z - 9530 = 5*s. List the prime factors of z.
3, 5, 317
List the prime factors of (10 - 12)*6*(-123129)/36.
3, 13681
Let x = 22625 - 120. What are the prime factors of x?
5, 7, 643
Let t(x) = 49*x**2 + 16*x - 96. Let o be t(7). Suppose 3006 + o = 11*y. List the prime factors of y.
17, 29
Let i = -3705 - -5495. Let w = -1278 + i. Let c = -215 + w. What are the prime factors of c?
3, 11
Suppose 32*m + 45 - 205 = 0. Suppose -m*h - 2070 = -5*k, -k + 2*h + 444 = 7*h. List the prime factors of k.
419
Let p(k) = -k**3 + 12*k**2 - 15*k + 7. Suppose -5*u - 4*u = -0*u. Suppose -3*h - 2*r + 24 = 0, 4*h + 2*r - 34 = -u*r. List the prime factors of p(h).
3, 19
Let k(d) = -d**2 - 12*d - 7. Let n be k(-9). Suppose -4*x - x = n, -3*m = 3*x - 42. Suppose j = -4*f + 65, -m = -5*j - f + 383. What are the prime factors of j?
3
Let j(d) = -d**3 + 2*d**2 + 2*d + 24. Let s be j(4). Suppose s = -5*m + 374 + 1861. List the prime factors of m.
3, 149
Suppose -1989614 = -202*w + 965444. What are the prime factors of w?
14629
Let b(p) = 25*p**3 + 28*p**2 - 184*p + 43. List the prime factors of b(12).
11, 17, 241
Let k(a) = -a**3 + 5*a**2 - 4*a + 1. Let p be k(4). Let h be -1 + p - (-10 - -2). Suppose h*c = 6*c + 10. List the prime factors of c.
5
Suppose 0 = -4*w - 2*w - 6. Let j(c) = -48*c. List the prime factors of j(w).
2, 3
Let d(a) = 27*a - a**2 - 18*a - 21 + 5*a. Let i be d(12). Suppose 4*k = i*b - 267, k = -11*b + 14*b - 258. List the prime factors of b.
5, 17
List the prime factors of 4*(-158938)/208*-6.
3, 6113
Suppose 55 = 6*i - 11*i. Let d(w) be the first derivative of -w**3/3 - 6*w**2 - w - 1. List the prime factors of d(i).
2, 5
Suppose 3*a + 4*t - 152 = -10, 2*a - 91 = t. Suppose -a = -4*n - 0*u - 2*u, 3*n - 39 = 3*u. Let j(g) = -g**2 + 30*g + 1. List the prime factors of j(n).
7, 31
Let p = 68 + -63. Let c(a) = 10*a - 8. Let g be c(7). Suppose -5*b = -4*d + g, 2*b = 2*d - p*d + 35. What are the prime factors of d?
13
Let l(f) be the third derivative of 113*f**4/24 - 6*f**3 - 52*f**2. What are the prime factors of l(5)?
23
Let k(n) = -2*n - 12. Let z be k(3). Let x be 5*(0 - (-3)/z)*-6. Suppose 128 = 4*q - s + x*s, 0 = 2*s + 4. What are the prime factors of q?
2, 17
Let t(b) = -625*b - 22. List the prime factors of t(-9).
13, 431
Let o(f) = -6*f**3 - 2*f**2 - 2*f - 7. Let p = 2 + 61. Let n = -65 + p. What are the prime factors of o(n)?
37
Let l = -596 - -600. Let m = 1455 + -783. Suppose m = -l*y + 8*y. List the prime factors of y.
2, 3, 7
Let r be ((-10)/(-6))/(2/6). Let z(u) be the second derivative of u**5/10 - 3*u**4/4 + 4*u**3/3 + 6*u**2 + 2*u - 7. List the prime factors of z(r).
7, 11
List the prime factors of 1*16/12*(-1349145)/(-84).
5, 4283
Suppose 607*o - 612*o + 4150 = 0. List the prime factors of o.
2, 5, 83
Let z(i) = -i**3 - 23*i**2 - 30*i - 89. Let k be z(-20). Let h = k - -1055. List the prime factors of h.
2, 3, 61
Let j = -593 - -587. What are the prime factors of j + -8 + 2 + 690?
2, 3, 113
Let u = -47952 + 102253. What are the prime factors of u?
13, 4177
Let b be (8/28 + (-92)/28)*-6. Suppose b*r + 2940 = 25*r. List the prime factors of r.
2, 3, 5, 7
Let c(b) = 1286*b**2 + 5*b + 1293*b**2 + 7 - 2568*b**2. What are the prime factors of c(-7)?
7, 73
Let r = -20120 - -71795. List the prime factors of r.
3, 5, 13, 53
Let j be (-3)/(-12) + -1 + 7233/12. What are the prime factors of ((-46)/(-4))/(7/j)?
23, 43
List the prime factors of 2/2 + (-150)/15 + (-1608)/(-3).
17, 31
Let s(j) = 47*j**2 + j + 1. Let x be s(2). Suppose -a + 3*p + x = p, 5*p - 10 = 0. What are the prime factors of a?
3, 5, 13
Let u(y) = -y**3 - 5*y**2 + 8*y + 16. Suppose 9*a = -62 + 8. Let t be u(a). Suppose 770 = 18*k - t*k. What are the prime factors of k?
5, 11
Let l be 3 - 12*-122 - 1. Let x be l/(-6) + (-3 - (-40)/12). Let y = x - -408. What are the prime factors of y?
2, 41
Let m = -483 - -482. Let g(f) = -1964*f + 11. What are the prime factors of g(m)?
5, 79
Let c(z) = 9*z**2 + 192*z - 3152. List the prime factors of c(19).
5, 7, 107
Suppose 0 = -0*f - 12*f + 2592. Let m = 256 - f. List the prime factors of m.
2, 5
Let j = 13 + -10. Suppose 335 = x - 4*y, j*y - 370 = -x - 0*x. List the prime factors of x.
5, 71
Let l be (-18)/(-12)*24/(-9). Let a be (-4 - -2)/(l/14). Let o(x) = 15*x - 21. List the prime factors of o(a).
2, 3, 7
What are the prime factors of ((-601608)/98)/(16/(-56))?
2, 3, 3581
Suppose 82*v - 62136 - 44546 = 0. List the prime factors of v.
1301
Suppose 0 = 5*y, -f + 25 + 19 = 2*y. Suppose 0 = -4*r + 4*s + f, 5*s = r + r - 37. Suppose r*j = 3*j + 228. List the prime factors of j.
2, 19
Let z(w) be the third derivative of -w**6/60 + w**5/20 + 8*w**2. Let n be z(-1). Suppose -n*p = -p - 152. What are the prime factors of p?
2, 19
Let z = -16112 - -28274. What are the prime factors of z?
2, 3, 2027
Suppose 0 = 3*i + 1816 - 6094. Let j = -739 + i. List the prime factors of j.
3, 229
Let j(c) = -4*c - 7. Let p be j(-4). Suppose 5*m + 16 + p = 2*l, 4*l - 3*m = 43. List the prime factors of (-1)/2 - (-6 + (-165)/l).
2, 11
Let q(u) = -u**2 - 41*u - 22. Let k(d) = d - 48. Let h be k(30). What are the prime factors of q(h)?
2, 7
Let c = 2916 + -1901. Let v = -484 + c. List the prime factors of v.
3, 59
Let v = -81878 - -141977. What are the prime factors of v?
3, 13, 23, 67
What are the prime factors of (-6 - -13) + 1*(4 + 5995)?
2, 3, 7, 11, 13
Let g(o) = -45*o - 1890. List the prime factors of g(-86).
2, 3, 5, 11
Suppose -151*m - 27 = -154*m. Let s(i) = 44*i + 126. List the prime factors of s(m).
2, 3, 29
Let r = 2 - -1. Suppose -31 = 4*s - 3*y, 0*s = -s + r*y - 19. What are the prime factors of (-1)/s - 150/(-8)?
19
Let s(y) = 6*y**3 + 15*y**2 - 61*y - 8. List the prime factors of s(9).
2, 17, 37
List the prime factors of 4/(-18) - (-15 - (-776985)/(-27)).
2, 59, 61
Suppose 4*r + 4 = -5*w, -4*w - 1 = -r - 2. Let m be 7/(w - -1 - (-3 - -3)). Suppose 924 + 595 = m*s. List the prime factors of s.
7, 31
Suppose 434*i = 435*i + 3*h - 9215, -3*h - 36815 = -4*i. What are the prime factors of i?
2, 4603
Let v be -5 + -3 + 4 - -4. Let l be (1*-3)/(1 - v). What are the prime factors of (15/l - -3) + 40 + -2?
2, 3
Let h = -97 + 90. What are the prime factors of (58 - (1 - -2))*h/(-5)?
7, 11
Suppose 3*s - 1 = -0*s + i, 0 = s - 4*i - 4. Suppose 1239 = 2*b + 5*c, b + s*c - 624 = 2*c. What are the prime factors of b?
2, 311
Suppose 15*c - 10*c = -2*v + 67, 2*v = -8. Let x(j) be the second derivative of j**4/12 - j**3/3 + 27*j**2/2 - j. List the prime factors of x(c).
2, 3, 37
Suppose -9*w + 14*w - 1985 = 0. Suppose -258 - 290 = -3*o + 5*n, 0 = -2*o - 3*n + w. Let q = -71 + o. What are the prime factors of q?
2, 3, 5
What are the prime factors of ((-586)/(-4)